t common factor of 636 and g.
12
Let q = -40 + 11. Let o be 0 - -2 - (0/(-4) + q). Calculate the greatest common factor of 31 and o.
31
Suppose 0 = -3*u + 15 - 6. Suppose u + 12 = 3*c. Suppose 2*n - 3*y - 16 = y, -5*y - 65 = -c*n. What is the greatest common factor of n and 198?
18
Let t(m) be the third derivative of 0 + 3/20*m**5 + 0*m + 4*m**2 - 5/24*m**4 + 1/3*m**3. Let b be t(4). What is the greatest common factor of 21 and b?
21
Let a = -62 - -122. Let b be (2/(-5))/((-2)/a). Let g(q) = 136*q - 52. Let l be g(1). Calculate the greatest common divisor of b and l.
12
Suppose 29 = 4*i - 155. What is the greatest common divisor of i and 69?
23
Let b = 19 - 15. Suppose 0 = -0*k - b*k + 8. Suppose 3*r - 240 = 3*f, 4*r = -k*f + 5*f + 320. What is the highest common divisor of 32 and r?
16
Let w be (((-286)/39)/11)/(4/(-7878)). Calculate the greatest common factor of w and 13.
13
Let h = -42 - -134. Let x = h - -333. Suppose 2*l = -3*l + x. What is the highest common divisor of l and 34?
17
Let o be (-361)/(-57)*(5 - 2). Let a be (171 - -2)*(4 - 5). Let m be a/(-3) + (-10)/15. What is the highest common divisor of o and m?
19
Let m = -85 + 145. Suppose -5*r = -5*a + 75, -a + 15 = -0*a + 5*r. Let x be ((-72)/a)/((-5)/25). What is the greatest common divisor of m and x?
12
Let r(y) = y**3 + 5*y**2 - 8. Let h be r(-3). What is the greatest common divisor of h and 70?
10
Suppose -4*v + 35 = -33*j + 28*j, 4*v + 2*j - 70 = 0. What is the greatest common divisor of v and 55?
5
Let i be -3 - (3 - (-3 - (-2 - 1))). Let d = -1 - i. What is the greatest common factor of 40 and d?
5
Let j be (0 + 4/3)/(132/297). Suppose j - 24 = -7*g. What is the highest common factor of 1 and g?
1
Suppose 2*i + 4*o - 192 = 0, -2*i - i + o + 260 = 0. Suppose -136 + 8 = -16*u. Calculate the highest common divisor of i and u.
8
Let z = -1 - -1. Let p be 2 + z + 24/4. Let b be 6/p + 890/8. Calculate the greatest common factor of b and 14.
14
Suppose b = -0*b - 2*i + 278, 5*b - 4*i = 1390. Suppose -12 = 3*h, a - 4*a + 2*h + b = 0. Calculate the highest common factor of a and 60.
30
Suppose 0*t - 2*t + 88 = 0. Suppose -3*k + t = k. What is the highest common factor of k and 11?
11
Suppose -2*q = -t + 14 + 11, 2*t - 44 = 2*q. What is the greatest common factor of t and 551?
19
Let r be (5/(-4) - -2)*76. Let b(d) = 2*d**2 + 2*d + 3. Let w be b(-3). Let p(f) = 3*f - 26. Let a be p(w). Calculate the highest common factor of a and r.
19
Suppose 0 = -3*g - 29 + 53. What is the greatest common divisor of 168 and g?
8
Let f be (-60)/(-14) - (-2)/(-7). Let n(m) = 27*m - 8. Let v be n(f). Calculate the highest common divisor of v and 20.
20
Let w = 1966 + -1374. Calculate the greatest common factor of w and 111.
37
Suppose -5*b + 14 - 4 = 5*u, -u = 0. Suppose w = -2*w + 42. What is the highest common divisor of b and w?
2
Let k = -42 - -75. Calculate the greatest common divisor of k and 33.
33
Suppose 19 = -2*q - 37. Let h = -17 - q. What is the greatest common divisor of h and 44?
11
Let i be ((-2886)/(-104))/((-3)/(-4)). Calculate the highest common divisor of i and 259.
37
Let w = 963 - 753. What is the greatest common factor of 20 and w?
10
Let t(h) = 15*h**2 + 2*h - 4. Let m be t(3). Let c = m - 100. What is the highest common divisor of 259 and c?
37
Let z be 3 + -4 - 1/1. Let i be 14/(z/(-1*8)). Suppose i = y - 0*u - 2*u, -5*u = 3*y - 124. Calculate the greatest common factor of y and 12.
12
Let z be 246/1*(-18 + (-896)/(-48)). What is the highest common divisor of z and 32?
4
Let k be 94/12 - 1/(-6). Let n(r) = -6*r + 4 + k + 0 + 3*r. Let s be n(-4). What is the greatest common divisor of s and 6?
6
Suppose 4*f - 8*f = -6*f. Suppose -5*r - 4*x + 60 + 15 = f, 4*r + 3*x = 61. What is the highest common factor of 152 and r?
19
Let c be ((-675)/(-60))/15 - 29/(-4). Calculate the highest common factor of c and 22.
2
Suppose -111 = -8*n + 9. What is the highest common divisor of n and 25?
5
Let h(l) = 2*l - 17. Let q be h(12). Suppose r - 5*r - b + 53 = 0, -r + b = -q. What is the greatest common factor of r and 6?
6
Suppose 64*z = 3143 + 2489. What is the greatest common factor of 176 and z?
88
Let g = -274 - -400. Let q be (-6)/9 - (-132)/9. What is the greatest common divisor of q and g?
14
Suppose -s = -3*q + 15, -2*q + 0*q + 10 = s. Let d = 166 + -111. What is the greatest common factor of d and q?
5
Let v(z) = z**3 + 17*z**2 + 13*z - 16. Let u be v(-16). Let l = u - 30. Calculate the highest common divisor of l and 14.
2
Suppose 281 + 763 = 29*o. Let j(a) = 10*a - 4. Let f be j(-5). Let x = -30 - f. What is the greatest common divisor of x and o?
12
Let f be 3*(-77)/(-7) + (1 - 1). Suppose -11 = -o - 0. Calculate the highest common divisor of f and o.
11
Let z be 5/3*(-2 - -17). Let m(d) = -2*d**2 + 47*d - 216. Let p be m(17). Calculate the highest common factor of p and z.
5
Suppose -117 = 7*q - 558. Calculate the highest common divisor of 18 and q.
9
Let y be (-4)/18 - 20/(-9). Let d = -137 + 158. Let l = 1 + d. Calculate the greatest common divisor of l and y.
2
Suppose -13*c + 1590 = 17*c. Calculate the highest common divisor of c and 424.
53
Let j(c) = 2*c**2 + 10. Let i be j(0). Suppose -2*f = -7*f + i. Suppose -f*u - 35 + 305 = 0. Calculate the highest common factor of u and 27.
27
Suppose 3*p + 2*g - 3 - 21 = 0, -5*g = p - 21. What is the greatest common divisor of p and 186?
6
Let t = 20 - 12. Let b be 95/(-25) - t/(-10). Let g be 66 + (b + 6)/(-1). Calculate the highest common divisor of 7 and g.
7
Let x be 368/12*24/16. What is the highest common divisor of x and 1564?
46
Let i be (16/6)/(2/18). Let u = i - 14. Let j be u + 17 - (3 + -2). What is the greatest common factor of 39 and j?
13
Let g be 38/(-5 - (-171)/33). What is the greatest common factor of 11 and g?
11
Suppose 4*y + 8*y - 228 = 0. Calculate the highest common divisor of y and 76.
19
Let v = -84 + 108. Suppose 0*s = 7*s - 21. Calculate the highest common divisor of s and v.
3
Let a(w) = -w**2 - 6*w + 4. Let l be a(-5). Suppose -461 = -5*n + 1519. Let h be 3/(-3)*7/((-28)/n). Calculate the greatest common divisor of l and h.
9
Let u be -7*-2*(-2)/4 - (1 - 83). Let l = 2 - 6. Let b(m) = 2*m**2 + 2*m + 6. Let w be b(l). What is the greatest common factor of w and u?
15
Let o(d) = 6*d - 51. Let w(l) = l - 10. Let s(n) = 2*o(n) - 11*w(n). Let p be s(16). Suppose -p - 104 = -4*b. What is the greatest common factor of 8 and b?
8
Suppose 0 = -5*f - 4*y + 107, -2*f + 13 = -f - 2*y. What is the highest common factor of 4 and f?
1
Suppose -2 = -0*x + x. Let g be -101 + 3 + (0 - x). Let h be 126/8*g/(-9). What is the greatest common divisor of h and 24?
24
Suppose 6*n - 281 - 79 = 0. What is the highest common divisor of n and 45?
15
Let m(z) = 2*z - 27. Let u = 36 - 17. Let j be m(u). What is the greatest common divisor of 121 and j?
11
Suppose g - 5 - 6 = 0. Let k = 149 - g. Suppose -2*b + k = 46. What is the greatest common divisor of b and 23?
23
Let n(q) = -q**3 + 12*q**2 + 2*q + 11. Let s(k) = k + 6. Let h be s(6). Let w be n(h). What is the highest common divisor of 7 and w?
7
Suppose 0 = -2*a - 5*c + 24 + 208, -5*c = -20. Suppose -8*s + 62 = -a. What is the highest common divisor of s and 21?
21
Let g = 26 + -16. Let k = -12 + g. Let p be k*(-1 + 2) + 20. Calculate the highest common divisor of p and 12.
6
Suppose -4*f - 5*h + 27 = 0, 5*f - 8*h - 9 = -6*h. Calculate the greatest common factor of f and 5.
1
Suppose -6*f - 19 - 5 = 0. Let a be (200/30)/(f/(-6)). Let m = 4 + a. Calculate the greatest common divisor of m and 154.
14
Let c = -1463 + 1501. Calculate the greatest common factor of c and 209.
19
Let u be ((3 - 0) + -4)*-3. Let o(w) = 13*w**2 - 2*w + 4 + 2*w**3 - 3*w**3 - 3*w**3 + 5*w**u. Let y be o(-13). What is the greatest common factor of y and 10?
10
Let z(q) = 2*q + 20. Let t be z(0). Let y be (-2)/8 - (-285)/t. What is the highest common divisor of y and 56?
14
Suppose 27*c - 29*c + 114 = 0. Calculate the highest common factor of 304 and c.
19
Let s be (-3)/(-1*(-9)/60). Let q = -33 - s. Let l = q + 41. What is the highest common divisor of 7 and l?
7
Let y be 12/8*(4 - 2). Let h(b) = b**3 + 3*b - 1. Let z be h(y). Calculate the highest common divisor of 7 and z.
7
Suppose -23 + 375 = 4*c. L